d**2 - 76 + 324 + 53 + 829*d. Give z(-31).
-9
Let j(o) = -6*o**3 + 19*o**2 - 6*o - 2. Let f(q) = -5*q**3 + 16*q**2 - 5*q - 2. Let n(z) = 5*f(z) - 4*j(z). What is n(4)?
-6
Let z(f) = -3*f - 2. Let q(s) = -4*s + 42. Let c be q(-20). Let n = c - 120. Suppose -w - v - 3*v + 4 = 0, 2*w - n*v - 18 = 0. Calculate z(w).
-26
Suppose 5*t + f - 21 = 0, -2*t - 6*f = -4*f - 2. Suppose -12*r + 5*y - 17 = -10*r, -25 = t*r + 5*y. Let v(p) = -p**3 - 5*p**2 + 3*p + 9. What is v(r)?
27
Let u(x) = -x**3 - 3*x**2 + 6*x + 6. Let j = 3873 - 2735. Suppose j = -13*h + 228. Let a = h - -66. Determine u(a).
-2
Let f be (2/(-14))/(6690/420 - 16). Let h(z) = z + 2 - 5 + 0. Calculate h(f).
-1
Let p = 2 - 0. Let o(u) = 0*u**p - u**2 - 6*u + 2 - u**2 - 3. Suppose -2*g - 15*k + 13*k - 12 = 0, -14 = 3*g + k. Calculate o(g).
-9
Let m(g) be the first derivative of -37 + 0*g - 3/2*g**2 - 1/3*g**3. Calculate m(-6).
-18
Let g(h) = 76*h**2 - 458*h + 13. Let w be g(6). Let t(y) = -17*y**2 - 2*y + 1. Let r(j) = -16*j**2 - 3*j + 1. Let v(a) = 2*r(a) - 3*t(a). What is v(w)?
18
Let u(p) = -p**3 + p**2 - p - 16. Suppose 3*a - 17 - 121 = 0. Let q = a + -42. Suppose -q*c = c. Give u(c).
-16
Let l(o) = o**2 - o - 2. Let w(i) = 2*i**3 - 7*i**2 + i - 8. Let n be w(4). Let u = 16 - n. Suppose -4*j = j - 10, u*f - 4*j = 0. Determine l(f).
0
Let y(k) = -k**2 + 15*k - 7. Let l be (-9)/(-1) + -1 + (-1)/1. Suppose 2*w = 3*z - 49, -45 = -4*z - 4*w + l. Determine y(z).
-7
Let d be -1*((-1)/(-5) - (-59)/5 - 7). Let b(h) = -h**3 - 5*h**2 - 3*h - 10. Determine b(d).
5
Let y(f) = 2*f**2 - 3*f - 2. Let q(b) = 3*b**2 + 3*b - 37. Suppose 0 = 4*x - 0*x, -3*s - 4*x - 21 = 0. Let v be q(s). Let h = v + -91. Give y(h).
12
Let x(g) = -g - 24. Let v(u) = u**2 - 17*u - 42. Let b be v(22). Let d(r) = -7*r + 2. Let j be d(10). Let k = b + j. Calculate x(k).
-24
Let y(r) = -2*r**3 + r**2 - 3*r - 1. Let a(f) = -2 + 5*f**2 - 2*f**2 - 2*f - 2*f**3 - 4*f**2. Let j(x) = -3*a(x) + 4*y(x). What is j(4)?
-38
Let j(g) be the second derivative of g**4/12 - g**3/6 - 7*g. Let h(k) be the first derivative of -k**3/3 + 13*k**2/2 - 34*k + 5. Let p be h(9). Calculate j(p).
2
Suppose -3*f - 3*d + 3 = 0, -3*f = -f - d - 5. Let z(k) = -4 + 2*k**3 + 5*k**f - 99*k - 3*k**3 + 95*k. Give z(5).
-24
Let y(n) = -3 + 2 - 527*n - 4 - 603*n + 1133*n. Let z(u) = -u**3 - 5*u**2 + 4*u - 4. Let d be z(-6). What is y(d)?
19
Let p(d) be the second derivative of d**5/30 + d**4/12 + d**3/2 - d**2 + 3*d. Let b(h) be the first derivative of p(h). Suppose 66 = -11*c + 44. Give b(c).
7
Let q(r) be the second derivative of -r**3/3 + 192*r - 2. Let z = 5 - -13. Let b = -14 + z. Calculate q(b).
-8
Let o(h) = 2*h + 5. Suppose 9*x - 26*x + 200 = 8*x. Give o(x).
21
Suppose -18*m + 9*m = -18. Let j(o) = 33*o + 15 + 2*o**2 - o**m - 43*o. Calculate j(7).
-6
Let v(d) = d**2 - 18*d + 31. Let s be 0 - 21/(-14)*26/3. Calculate v(s).
-34
Let u(m) = -2*m**2 + 2*m + 1. Suppose 3*v + 25 = -4*t, -v - 1 = -3*t + 8*t. Let h(g) = -4*g - 45. Let y be h(v). Calculate u(y).
-3
Suppose -2*i = 4*p - 16, -3*i + 6 - 10 = -p. Suppose -f + 9 = -2*c - i*c, -12 = 4*c. Let h(v) = v**3 - 2*v**2 - 4*v + 3. What is h(f)?
0
Let y = 108 + -106. Let d(w) be the first derivative of -w**2 - 296 + 322 + 4*w**y - 2*w. What is d(2)?
10
Let q(x) = -3*x**3 - 5*x**2 - 8*x - 16. Let s be 4/(-7) + (-3655)/1505. Determine q(s).
44
Let b be (-2)/(-8) - (-25)/(-4). Let i(j) be the first derivative of j**4/4 + 4*j**3/3 - 9*j**2/2 - 3*j + 501. Calculate i(b).
-21
Let f(t) = t**3 + 2*t**2 + t - 2. Suppose 20 = 3*k + 8. Let s be -6 + 5 + -6 + k. Determine f(s).
-14
Let b(u) = 994*u**2 + 5 - 526*u**2 - 476*u**2 - 2*u**3. Give b(-4).
5
Let g(q) be the first derivative of q**4/2 + 13*q**3/3 - 2*q**2 + 8*q - 1498. Calculate g(-7).
-13
Let f be 7215/429 + -17 - ((-68)/11 + 0). Let s(g) = -g**2 - 2*g + 27. Calculate s(f).
-21
Let h(x) be the second derivative of 1/3*x**3 + 1/2*x**2 + x + 0. Suppose -3*t = 11*t + 70, -4*y - t + 7 = 0. What is h(y)?
7
Let f(s) = s**3 + 5*s**2 + 4*s + 4. Let x be ((-4)/(-20)*-514)/(1/(-5)). Suppose 5*m + 2*w = 41 - 567, 5*m = 2*w - x. Let o = m - -101. Determine f(o).
10
Let x = 129 - 135. Let j be 12/(-8) + 3/x. Let t(c) be the third derivative of c**5/20 + c**4/12 - 3*c**2. What is t(j)?
8
Suppose 80 = 6*s + 4*s. Let o = -6 + s. Let n(t) = 41*t**3 - 20*t**3 - 6 - 6*t + 9*t**o - 22*t**3. Calculate n(8).
10
Let y(h) be the second derivative of h**4/4 - h**2/2 - 4*h + 23. Let l(k) = -k**3 - 3*k**2 + 2. Let v be l(-2). Determine y(v).
11
Suppose -8*w = -12*w + 12. Suppose -3*p - 3*o - 4 = -1, -o = w. Let g(q) = 6*q**p + 3 - 4*q - 10*q**2 + 5*q**2. Determine g(5).
8
Let z(n) = -n**3 - n**2 + n + 1. Let y(a) = -2*a**3 - 6*a**2 + 6. Let k(t) = y(t) - 3*z(t). Let u be (-1 + 10 + -33)*(-3 + 161/56). Determine k(u).
-6
Let d(l) = 2*l - 6. Let h be -173 + (-12)/30 + 16/(-10). Let r be 50/h + (-4)/(-7)*4. Let t be ((28/3)/r)/((-6)/(-9)). Give d(t).
8
Let m(z) = -127*z**2 - 19*z - 25. Let a(j) = 32*j**2 + j. Let n(k) = -4*a(k) - m(k). Give n(-2).
-9
Let z(n) be the second derivative of 2*n**3 - 25*n**2/2 + 1655*n. Give z(6).
47
Let a = 3874 - 3881. Let y(i) = 5*i**2 + 33*i + 10. Give y(a).
24
Let p(b) be the first derivative of 5/3*b**3 + 1/12*b**4 - 36 - 3*b**2 + 0*b. Let c(l) be the second derivative of p(l). Determine c(-7).
-4
Let n(j) = -2*j - 29. Let y be n(-16). Let k be (-77)/(-15)*y - 6/(-10). Suppose -5*b = -9*b - k. Let o(z) = z + 1. Give o(b).
-3
Let m(x) = 91*x**2 + 15*x - 84*x**2 - 21*x - 5. What is m(2)?
11
Suppose 4*p = 2*h - 39 + 13, 4*p + 41 = 5*h. Let q(u) = h*u**2 + 0 - u - 1 + 3*u. Let r be (539/55 + -10)*-5. Give q(r).
6
Let t(h) be the first derivative of -h**4/4 - 5*h**3/3 - h**2 + 11*h - 568. Give t(-4).
3
Let v(z) = z**3 - 4*z**2 - 2. Let l(g) = -g**3 + 9*g**2 - 16*g + 9. Let q be 1/(4/16) + 3. Let a be l(q). Let w = 8 + a. Calculate v(w).
-11
Let k(i) = -10*i**2 + i - 101. Let p(w) = 7*w**2 - 3*w + 67. Let d(f) = -5*k(f) - 7*p(f). What is d(-16)?
36
Let g be (18/(-27))/(2/(-15)). Suppose j - 4*q = 2, g*q + 3 = -2*j + 7. Let f be (8/40*j)/(2/10). Let s(a) = 3*a**2 - 1. Determine s(f).
11
Let n(l) = -23*l + 1. Let t(g) = -162*g + 7. Let k(p) = 7*n(p) - t(p). Determine k(-16).
-16
Let a(f) = -2*f**3 - 56*f**2 + 3*f + 34. Let c(n) = -n. Let u(y) = a(y) + 2*c(y). Calculate u(-28).
6
Suppose -2*z + 5*y - 19 = 0, 3*y - 5*y = -z - 7. Let f(l) = 3 + l - 9*l**2 + 24*l**2 - 17*l**2 + 10*l**3 - 9*l**3. Determine f(z).
15
Let x be (-11)/((-22)/60)*1. Suppose -x*n + 25*n = -25. Let u(z) = 3 - 5*z + 4*z**2 + 0*z**3 - 4*z**2 - z**3 - n*z**2. Give u(-4).
7
Suppose 0 = -2*k + 5*t - 9, 11*k + 2*t = 6*k + 108. Let q(j) be the second derivative of -8*j**2 + 0 + 1/12*j**4 + 13/6*j**3 - k*j. Give q(-14).
-2
Let i(t) be the third derivative of 1/120*t**6 + 1/24*t**4 + 2 + 0*t - 2/15*t**5 + 11/6*t**3 + 152*t**2. Calculate i(8).
19
Let z be (-2)/(-8) + (6 - 92/(-16)). Suppose 1 = -13*h + z*h. Let u(c) = -5*c**3 - c - 1. Give u(h).
5
Suppose 0 = m - 2*w - 623, -4*w + 1281 = 2*m + 51. Let k = m - 617. Let o(y) = 2*y + 4. Determine o(k).
8
Let t(q) be the third derivative of -q**5/60 - 11*q**4/24 - 2*q**3 + 217554*q**2. Let w = -6 + -3. Calculate t(w).
6
Let d(h) be the second derivative of 11*h**3/6 - 9*h**2/2 - 29*h + 8. Determine d(2).
13
Let n(i) = -i**2 + 9*i + 4. Suppose 4 = -2*o - u + 27, o = -5*u + 25. Calculate n(o).
-6
Let i(l) be the third derivative of l**5/12 - l**4/24 + l**3/3 - 688*l**2. What is i(-2)?
24
Suppose 4*y = -4*s - 20, -3 - 3 = 3*y. Let q(r) = 3*r**2 - 14*r + 7. Let l(z) = 2*z**2 - 8*z + 4. Let t(g) = -5*l(g) + 3*q(g). Give t(s).
-2
Let x(u) = u**3 + 4*u**2 + 8*u + 2. Let v be x(-2). Let k(j) = -j**2 - 7*j - 6. Give k(v).
0
Let j(p) = 4*p + 14. Let x be j(-8). Let g be (-14)/63 + 644/x. Let q = -32 - g. Let n(d) = -d**2 - 2. What is n(q)?
-18
Suppose 2 = 4*o + 3*j, -2 = -16*o + 13*o - 2*j. Let a(v) = -v + 2. Let k be a(-5). Let g(n) = -2*n - 2*n**2 - 2 - n + k*n + n**o. What is g(3)?
1
Let k(n) = -n**3 - n + 14. Let l = 350 + -232. Let b = 118 - l. Give k(b).
14
Suppose -4*g + 7 - 23 = 0. Let b(a) = -15*a**2 - 5*a - 4319 + 4314 + 13*a**2. What is b(g)?
-17
Let a(s) be the first derivative of 10/3*s**3 - s + 0*s**2 - 29. Give a(-1).
9
Let b(p) = -p**3 + 9*p**2 - 6*p - 11.